{"id":39,"date":"2022-01-05T01:07:28","date_gmt":"2022-01-05T07:07:28","guid":{"rendered":"http:\/\/victortrevino.bioinformatics.mx\/?page_id=39"},"modified":"2024-11-04T20:05:18","modified_gmt":"2024-11-05T02:05:18","slug":"home","status":"publish","type":"page","link":"https:\/\/victortrevino.bioinformatics.mx\/","title":{"rendered":"Bioinformatics.mx"},"content":{"rendered":"\n<p><strong><a href=\"https:\/\/victortrevino.bioinformatics.mx\/index.php\/bioinfo-tools\/\">SEE TOOLS<\/a><\/strong><\/p>\n\n\n\n<p>(This website is under construction)<\/p>\n\n\n\n<p>Welcome to the Dr. Victor Trevi\u00f1o&#8217;s Bioinformatics Laboratory. <br>Our lab joins <a href=\"#researchers\" data-type=\"internal\" data-id=\"#researchers\">researchers<\/a>, <a href=\"#students\" data-type=\"internal\" data-id=\"#students\">students<\/a>, and <a href=\"#staff\" data-type=\"internal\" data-id=\"#staff\">staff<\/a>.<br>We have developed many bioinformatics tools, including PubTerm, Galgo, GridMass, SurvExpress, SurvMicro, CoGTex (1 &amp; 2), HotspotsAnnotations, Fresa.CAD, and SurvHotspots, ALLeQTLs, among others (<a href=\"https:\/\/victortrevino.bioinformatics.mx\/index.php\/bioinfo-tools\/\">see tools<\/a>).<\/p>\n\n\n\n<h2 class=\"wp-block-heading\" id=\"researchers\">Researchers<\/h2>\n\n\n\n<ul class=\"wp-block-list\">\n<li>Dr. Jos\u00e9-Gerardo Tamez-Pe\u00f1a, Imaging, and Data Analysis<\/li>\n\n\n\n<li>Dr. Juan Emmanuel Mart\u00ednez-Ledesma, Genomics and Data Analysis<\/li>\n\n\n\n<li>Dr. Alejandro Santos-D\u00edaz, Imaging and Data Analysis<\/li>\n\n\n\n<li><a href=\"https:\/\/victortrevino.bioinformatics.mx\/index.php\/victor-trevinos-lab\/\" data-type=\"page\" data-id=\"63\">Dr. Victor-Manuel Trevi\u00f1o-Alvarado<\/a>, Genomics and Data Analysis<\/li>\n<\/ul>\n\n\n\n<h2 class=\"wp-block-heading\" id=\"staff\">Staff<\/h2>\n\n\n\n<p>MSc. Alejandra Guardado &#8211; Data Analysis<\/p>\n\n\n\n<p>Dr. Marisela S\u00e1nchez Chaparro &#8211; Mol &amp; Cell Biology<\/p>\n\n\n\n<h2 class=\"wp-block-heading\" id=\"students\">Current Students<\/h2>\n\n\n\n<p><strong><u>Master in Computer Sciences<\/u><\/strong><\/p>\n\n\n\n<p>H\u00e9ctor Valdez \u00c1lvarez &#8211; Estimation of Global and Local Mexican Ancestry <br>Farid Sadot J\u00e1come Velasco &#8211; eQTL for obesity-related genes<br>David Torres Trevi\u00f1o &#8211; Generiting PGS for Mexicans<br>Bella Gabriela Alvarez Cuevas &#8211; PolyMetabolomic Score for Obesity<\/p>\n\n\n\n<p>Bachelor in Genomic Biotechnology<br>Anah\u00ed Tamez &#8211; Characterization of a Cancer Cell line edited in the MMP15 gene<br>Jes\u00fas Romero &#8211; Reconstructing Gene Regulatory Network Model for POMC gene<\/p>\n\n\n\n<h2 class=\"wp-block-heading\" id=\"CurrentPositions\">Current Positions<\/h2>\n\n\n\n<ul class=\"wp-block-list\">\n<li>March 2024 : <a href=\"https:\/\/victortrevino.bioinformatics.mx\/index.php\/post-doctoral-position\/\" data-type=\"page\" data-id=\"143\">Post-Doctoral Position oriGen-1<\/a> &#8211; Computational Genomics for oriGen. Taken. Not currently open.<\/li>\n<\/ul>\n\n\n\n<p><\/p>\n","protected":false},"excerpt":{"rendered":"<p>SEE TOOLS (This website is under construction) Welcome to the Dr. Victor Trevi\u00f1o&#8217;s Bioinformatics Laboratory. Our lab joins researchers, students, and staff.We have developed many bioinformatics tools, including PubTerm, Galgo, GridMass, SurvExpress, SurvMicro, CoGTex (1 &amp; 2), HotspotsAnnotations, Fresa.CAD, and SurvHotspots, ALLeQTLs, among others (see tools). Researchers Staff MSc. Alejandra Guardado &#8211; Data Analysis Dr.&hellip; <a class=\"more-link\" href=\"https:\/\/victortrevino.bioinformatics.mx\/\">Continue reading <span class=\"screen-reader-text\">Bioinformatics.mx<\/span><\/a><\/p>\n","protected":false},"author":1,"featured_media":0,"parent":0,"menu_order":0,"comment_status":"closed","ping_status":"closed","template":"","meta":{"footnotes":""},"class_list":["post-39","page","type-page","status-publish","hentry","entry"],"_links":{"self":[{"href":"https:\/\/victortrevino.bioinformatics.mx\/index.php\/wp-json\/wp\/v2\/pages\/39","targetHints":{"allow":["GET"]}}],"collection":[{"href":"https:\/\/victortrevino.bioinformatics.mx\/index.php\/wp-json\/wp\/v2\/pages"}],"about":[{"href":"https:\/\/victortrevino.bioinformatics.mx\/index.php\/wp-json\/wp\/v2\/types\/page"}],"author":[{"embeddable":true,"href":"https:\/\/victortrevino.bioinformatics.mx\/index.php\/wp-json\/wp\/v2\/users\/1"}],"replies":[{"embeddable":true,"href":"https:\/\/victortrevino.bioinformatics.mx\/index.php\/wp-json\/wp\/v2\/comments?post=39"}],"version-history":[{"count":22,"href":"https:\/\/victortrevino.bioinformatics.mx\/index.php\/wp-json\/wp\/v2\/pages\/39\/revisions"}],"predecessor-version":[{"id":169,"href":"https:\/\/victortrevino.bioinformatics.mx\/index.php\/wp-json\/wp\/v2\/pages\/39\/revisions\/169"}],"wp:attachment":[{"href":"https:\/\/victortrevino.bioinformatics.mx\/index.php\/wp-json\/wp\/v2\/media?parent=39"}],"curies":[{"name":"wp","href":"https:\/\/api.w.org\/{rel}","templated":true}]}}