{"id":143,"date":"2024-03-05T10:31:29","date_gmt":"2024-03-05T16:31:29","guid":{"rendered":"http:\/\/victortrevino.bioinformatics.mx\/?page_id=143"},"modified":"2024-03-05T10:33:28","modified_gmt":"2024-03-05T16:33:28","slug":"post-doctoral-position","status":"publish","type":"page","link":"https:\/\/victortrevino.bioinformatics.mx\/index.php\/post-doctoral-position\/","title":{"rendered":"Post-Doctoral Position oriGen-1"},"content":{"rendered":"\n<p>The <strong>oriGen<\/strong> project&nbsp;at<strong>&nbsp;Tecnol\u00f3gico de Monterrey<\/strong>&nbsp;seeks professionals to conduct research in an interdisciplinary environment.<\/p>\n\n\n\n<p><strong>Dr. V\u00edctor Trevi\u00f1o<\/strong>\u00a0is looking for postdoctoral fellows with solid genomic\/computational training. The successful candidate will analyze ~1500 whole genomes from Mexicans and ~15,000 exomes in cloud computing (Azure\/Microsoft). In addition, the postdoctoral fellow will facilitate and contribute to grant proposals design and writing and graduate student formation and work in a multidisciplinary environment in bioinformatics and genomics. The position is offered for 1 year or extended to 2 years based on results.<\/p>\n\n\n\n<p>Please send a CV, three recommendations, and a letter of intent written in English to&nbsp;<a href=\"mailto:vtrevino@tec.mx\" target=\"_blank\" rel=\"noreferrer noopener\">vtrevino at tec.mx<\/a>.<\/p>\n","protected":false},"excerpt":{"rendered":"<p>The oriGen project&nbsp;at&nbsp;Tecnol\u00f3gico de Monterrey&nbsp;seeks professionals to conduct research in an interdisciplinary environment. Dr. V\u00edctor Trevi\u00f1o\u00a0is looking for postdoctoral fellows with solid genomic\/computational training. The successful candidate will analyze ~1500 whole genomes from Mexicans and ~15,000 exomes in cloud computing (Azure\/Microsoft). In addition, the postdoctoral fellow will facilitate and contribute to grant proposals design and&hellip; <a class=\"more-link\" href=\"https:\/\/victortrevino.bioinformatics.mx\/index.php\/post-doctoral-position\/\">Continue reading <span class=\"screen-reader-text\">Post-Doctoral Position oriGen-1<\/span><\/a><\/p>\n","protected":false},"author":1,"featured_media":0,"parent":0,"menu_order":0,"comment_status":"closed","ping_status":"closed","template":"","meta":{"footnotes":""},"class_list":["post-143","page","type-page","status-publish","hentry","entry"],"_links":{"self":[{"href":"https:\/\/victortrevino.bioinformatics.mx\/index.php\/wp-json\/wp\/v2\/pages\/143","targetHints":{"allow":["GET"]}}],"collection":[{"href":"https:\/\/victortrevino.bioinformatics.mx\/index.php\/wp-json\/wp\/v2\/pages"}],"about":[{"href":"https:\/\/victortrevino.bioinformatics.mx\/index.php\/wp-json\/wp\/v2\/types\/page"}],"author":[{"embeddable":true,"href":"https:\/\/victortrevino.bioinformatics.mx\/index.php\/wp-json\/wp\/v2\/users\/1"}],"replies":[{"embeddable":true,"href":"https:\/\/victortrevino.bioinformatics.mx\/index.php\/wp-json\/wp\/v2\/comments?post=143"}],"version-history":[{"count":3,"href":"https:\/\/victortrevino.bioinformatics.mx\/index.php\/wp-json\/wp\/v2\/pages\/143\/revisions"}],"predecessor-version":[{"id":146,"href":"https:\/\/victortrevino.bioinformatics.mx\/index.php\/wp-json\/wp\/v2\/pages\/143\/revisions\/146"}],"wp:attachment":[{"href":"https:\/\/victortrevino.bioinformatics.mx\/index.php\/wp-json\/wp\/v2\/media?parent=143"}],"curies":[{"name":"wp","href":"https:\/\/api.w.org\/{rel}","templated":true}]}}